v) = -553 + 188*v - 658 + 2969 - 826 - 373. Determine o(-3).
-5
Let q(n) = n**2 + 7*n - 17. Let x(k) = -2*k - 2. Let g(u) = q(u) + 6*x(u). Let w(o) be the first derivative of g(o). What is w(11)?
17
Let r(j) = -6*j**2 - 6*j - 1. Let u(z) = -2*z**3 - 291*z**2 + 149*z + 437. Let h be u(-146). What is r(h)?
-1
Let l be (-1 - 2/(-4))*22. Let z(i) = 5 - 2667*i - 2660*i + 0 + 2 + 5328*i. Determine z(l).
-4
Let q(l) = 4*l - 188. Let m be q(52). Let y(u) = u**3 - 19*u**2 - 18*u - 21. Calculate y(m).
19
Let h(d) = 0*d**2 - 794*d**3 - d**2 + 7 + 15 + 795*d**3 - 8*d**2 - 13*d. Give h(10).
-8
Let v(t) = -t**3 + t**2 - 6*t + 3. Let p(w) = -4*w + 3. Suppose 58 + 14 = 24*k. Let m(d) = k*p(d) - 2*v(d). What is m(3)?
39
Let a(f) = f**2 + 14*f - 13. Let h be a(-16). Suppose -h*z - 59 = -211. Let u(c) = -c**3 + 7*c**2 + 8*c + 4. Calculate u(z).
4
Let f(h) be the second derivative of -5*h**3/6 - 17*h**2/2 + 75*h - 4. What is f(-4)?
3
Let q(h) = -h + 3. Let t = 834 + -825. Suppose -2*i - b = t, 0*i - 2*i = -b + 15. Calculate q(i).
9
Let a(n) = -n**2 - 16*n + 12. Let v(o) = -o**2 + 105*o - 1513. Let w be v(17). Determine a(w).
-5
Suppose 10*l = 5*l - 10. Let h = 5 - l. Let q(o) = 4 + 1 - 7828*o - 7819*o - 7819*o + 23469*o. Determine q(h).
26
Let p be (-2 + -1 - 2) + 61. Suppose 30*c + p = 22*c. Let f(n) = 3*n**3 + 0*n - 7*n**2 - 7*n - 5 - 4*n**3 - n**2. Calculate f(c).
-5
Let f(h) = 2780*h + 14 + 9 - 2781*h - 21. Give f(9).
-7
Let a(y) = -4*y**2 + 2*y + 1. Let q(p) = p**3 - 35*p**2 + 16*p - 15. Let d(i) = 7*a(i) - q(i). Calculate d(7).
8
Let h(b) = b**3 - b**2 - 34. Suppose -288 = -37*i + 13*i. Suppose -3*u = 2*a - i, 4*a + 6*u - 3*u = 12. Determine h(a).
-34
Let j(g) = -7*g - 5. Suppose 0 = 3*o - 8*o - 4*r + 2421, o + 5*r - 501 = 0. Let y = o + -477. Give j(y).
-33
Let y(g) = 2*g - 2. Suppose -29*t - 4864 = -13*t. Let w = 302 + t. Calculate y(w).
-6
Let h(z) = -6*z + 47*z - 133*z. What is h(1)?
-92
Let r = 407894 - 407899. Let l(f) be the third derivative of -f**5/40 - 3*f**4/8 + f**3/3 + f**2. Let a(o) be the first derivative of l(o). Give a(r).
6
Let w = -2 + 3. Let x(b) be the third derivative of -3*b**5/20 - b**4/24 + 2*b**2 - 113. Calculate x(w).
-10
Let o(j) = -j**2 - 7*j + 37. Let x be (20/14)/((-84)/588). Calculate o(x).
7
Let m(t) = 15*t + 3. Let i(c) = -c**3 - 42*c**2 + 42*c - 39. Let b be i(-43). Determine m(b).
63
Suppose 305*b - 256*b = 0. Let x(t) = t**2 + 4*t - 70. Give x(b).
-70
Suppose -73*p = -62*p - 1408. Let b = p + -131. Let g(u) = u. Give g(b).
-3
Let f(p) = p**2 + 5*p + 15. Suppose 3*u - 5*y + 82 - 87 = 0, 36 = -5*u + 2*y. What is f(u)?
65
Let d(h) = h + 0 - 7 + 0. Let v(m) = -m**2 - 20*m + 22. Let l be v(-24). Let a = l + 81. Determine d(a).
0
Let s(n) = -n**3 - 42*n**2 - 40*n + 40. Let d(x) = x**2 - 935*x - 5687. Let i be d(-6). What is s(i)?
-1
Let q be 3 + (2 - (3 - 12)). Let g(n) = -13*n**3 - 35 + q*n**3 + 3*n**2 + 2*n + 36. What is g(-1)?
1
Let b(v) = -4*v**2 - 8*v - 5. Let q(h) be the second derivative of 7*h**4/12 + 17*h**3/6 + 11*h**2/2 - 31*h. Let m(p) = -5*b(p) - 3*q(p). Determine m(-11).
-8
Let x = -45 - -110. Suppose 0*r = 4*r - s + 238, 2*s + 12 = 0. Let o = x + r. Let t(g) = -g - 2. Give t(o).
-6
Let c(z) = -6*z - 16. Let q(t) = -t**3 - 31*t**2 + 62*t + 1. Let g be q(2). Give c(g).
26
Let l(q) = 2*q**2 - 6*q - 2. Suppose -22*r + 19*r + 15 = 0. Suppose 2*a = 4*a + 2*x, r*x + 25 = 0. Calculate l(a).
18
Let n(i) = i**2 + 9*i + 10. Let f be ((-583)/(-1166))/(((-3)/16)/3). What is n(f)?
2
Let c(b) = -b**2 - 10*b - 4. Let l(g) be the third derivative of -g**5/30 + g**4/8 - 7*g**3/6 - 286*g**2. Let r be l(2). Determine c(r).
5
Let r(k) = -k**2 - 6*k - 3. Let s = 2710 + -2712. Give r(s).
5
Let u(y) = 0*y**2 + 10 + 24285*y**3 - 24286*y**3 - y + 12*y**2. Determine u(12).
-2
Let n(c) = 73 + 10*c - 16*c - 232 + 97 - 8*c. What is n(-6)?
22
Let a(d) = -3*d + 13. Suppose -33*y + 153 + 45 = 0. Determine a(y).
-5
Let y(m) be the third derivative of m**4/6 - m**3/6 + 3*m**2 + 35*m. Calculate y(10).
39
Suppose 2*b + 4 = 0, 4*k - 17 = b + 21. Let y(c) = -5*c**3 + 11*c**2 + 3. Let h(t) = -22*t**3 + 45*t**2 + 12. Let r(z) = -2*h(z) + 9*y(z). Give r(k).
3
Let k(c) = -c**2 + c - 4. Let n(u) = -12*u - 22. Let l be n(-2). Suppose l*o + 4 = -2*z - 2*o, -2*z - 3*o - 1 = 0. What is k(z)?
-16
Suppose -9*g - 8 = -116. Suppose 6 = 18*f - g*f. Let c(s) = -5*s + 2. Calculate c(f).
-3
Suppose -5*c = -4*i + 70, -c + i + 42 = -4*c. Let u(z) = z + 63. Let x(a) = a + 94. Let q(n) = -8*u(n) + 5*x(n). Calculate q(c).
8
Let j(h) = 24*h - 15652 - 4*h**2 + 7878 - h**3 + 7848. Determine j(-6).
2
Let m(l) = -6*l + 45. Let h be 15/2*88/110 + 3. Determine m(h).
-9
Suppose -n - 2 = 3*h, -2*n = -175*h + 172*h + 22. Let r(d) = -2*d**2 + 8. Calculate r(h).
0
Let h(s) = s**3 - 11*s**2 + 3. Let d(v) = v**3 - 10*v**2 + v + 2. Let u(k) = -6*d(k) + 5*h(k). Suppose 2 = 2*a + 24*w - 22*w, -2*a + 11 = -w. Give u(a).
-5
Let d(y) = 10*y**3 + 2*y - 1. Let w(z) = 7 - 2*z + 17*z - 3*z - 18*z. Let c be w(1). Determine d(c).
11
Suppose -54 = 15*j - 9. Let q be (-3)/((12/32)/(j/(-24))). Let t(c) = c + 1. Calculate t(q).
0
Let f(t) = 22545*t**2 - 3 + 0*t + 0*t - 5*t - 22544*t**2 - 2*t. Determine f(7).
-3
Suppose 14 = -0*z + 2*z. Let x(c) be the second derivative of c**3/6 + 7*c**2/2 + 293354*c. What is x(z)?
14
Suppose 584*n = 575*n + 108. Let t(a) = -20*a - a + 9*a - 1 - 22*a - n*a. Calculate t(1).
-47
Suppose -c - p - 16 = 0, 9*c = 14*c - p + 98. Let x be 3*2 - (c - -26). Let g(b) = -4*b**2 + b + 1. What is g(x)?
-4
Suppose -12*q = -14*q + 38. Let r(z) = -2*z - q*z**2 + 58*z**2 - 18*z**2 - 20*z**2. What is r(-4)?
24
Suppose -2725 = 445*y + 100*y. Let f(c) be the second derivative of -3*c - 1/3*c**4 + 3/2*c**2 - 1/20*c**5 + c**3 + 0. What is f(y)?
-2
Let a(p) = 23*p**2 - 1 - 2*p**3 + 5 + 3*p - 60*p**2 + 18*p**2 + 18*p**2. Calculate a(-2).
10
Let l be (-36)/28*(1 - 8). Let y(c) be the third derivative of c**5/60 - 7*c**4/24 + c**3/6 - 6*c**2. Calculate y(l).
19
Let v(a) = -a**3 - 14*a**2 + 9*a + 16. Let h = 30952 + -30966. Calculate v(h).
-110
Suppose 5*g + 4*u + 10 = 8*g, -4*g - 4*u + 32 = 0. Let c(n) = -g*n + 5 + 10 - 13 + 0. What is c(2)?
-10
Suppose -y - 19 = 5*w, -79 = -2*y - 4*w - 99. Let t(f) be the second derivative of -5/2*f**2 + 1/20*f**5 - 2/3*f**3 + f + 1/4*f**4 + 0. Give t(y).
-5
Let a(x) be the third derivative of -6*x**2 - 7/6*x**3 + 2/15*x**5 + 0 - 1/120*x**6 - 1/4*x**4 + 0*x. Determine a(7).
0
Let h(p) = p - 12. Suppose 27*o - 597 - 105 = 0. Let f be (-28)/(-6)*39/o. Calculate h(f).
-5
Let q(j) = 6*j - 181. Let a be q(31). Let y(w) = 2*w + 4*w + w - 3 - a*w + 5. Calculate y(-2).
-2
Let u(a) = -a**2 - 13*a - 6. Let z be u(-6). Let l be (36/(-171))/(-2) - (-7240)/(-190). Let c = l + z. Let d(s) = s**3 - s**2 + s - 1. What is d(c)?
-15
Let c(n) = -69 + 2*n + 7 + 38. Calculate c(9).
-6
Let q(b) be the first derivative of b**4/2 + 13*b**3/3 - 5*b**2/2 - 3*b - 14424. What is q(-6)?
63
Let w(t) = t**3 - t + 3. Let p be w(-2). Let j(f) be the second derivative of -f**3/6 + 3*f**2/2 - 33*f. Determine j(p).
6
Let v be (-8)/1 + -13 + 11. Let g = -6 - v. Let c(n) = n. Calculate c(g).
4
Let i(p) = -4*p**2 - p + 3. Let w(n) = -5*n**2 - n + 3. Let s(o) = -6*i(o) + 5*w(o). Suppose 49*l - 270 = 46*l. Suppose -l = -36*b + 6*b. Give s(b).
-9
Let d(g) = -g**3 + 8*g**2 + 5*g + 9. Suppose -l + 35593 - 35584 = 0. Give d(l).
-27
Let t(b) = -b**2 + 8*b - 2. Suppose 36*h = 20*h - 480. Let r be 75/h*(-12)/10. Determine t(r).
13
Let k(l) = 2*l + 4. Let s be k(-3). Let i(w) be the second derivative of 46*w + w**2 - 1/6*w**3 + 0. Give i(s).
4
Let t be 2 - 14*(-4)/(-8). Let y(u) be the third derivative of u**4/24 - 14*u**2. Determine y(t).
-5
Let k(l) = -l**2 + 8*l + 7. Let w(v) = -v**2 + 7*v + 5*v + 11*v + 3*v - 182 + 22. Let n be w(12). What is k(n)?
7
Let j(w) = 81*w - 1179. Let m(c) = 10*c - 141. Let f(s) = 6*j(s) - 50*m(s). What is f(5)?
-94
Let l(t) = -t**2 + 8*t + 21. Let g be 18/(-4) - -4 - (-504)/48. Give l(g).
1
Let n(k) = -2*k**2 - 124*k - 1898. Let l be n(-35). Let p(f) = -2*f**2 + 4*f - 2 - 15*f + 6. Give p(l).
-36
Let r(s) = 10*s + 126. Let d(y) = -92*y + 1460. Let m be d(16). What is r(m)?
6
Let u = -50 - -55. Let c(w) = -1 - 3*w**3 + 0 - u*w + 12 - 9*w**2 + 2*w**3. Calculate c(-8).
-13
L